3297a2
In base 12, what is 101319 + -2?
101317
In base 16, what is -4441f90 - -5?
-4441f8b
In base 15, what is -d5045e + -a?
-d50469
In base 16, what is 17f800 - -b?
17f80b
In base 9, what is -5 - 36627724?
-36627730
In base 11, what is 7 - -46a721?
46a728
In base 2, what is -10010101110 - 1000010010010011?
-1000100101000001
In base 7, what is -53104130 - -252?
-53103545
In base 6, what is -304350112 - 10?
-304350122
In base 7, what is -1350001 - -11?
-1346660
In base 16, what is -1e5238 - 77?
-1e52af
In base 14, what is -6 - -2a99da2?
2a99d9a
In base 12, what is 77683 - 20?
77663
In base 9, what is -8782 - -48514?
38622
In base 13, what is 27 + 8a0719?
8a0743
In base 14, what is -1892 - 1667?
-3119
In base 12, what is -1374 - -a4?
-1290
In base 11, what is -18a34149 + -2?
-18a34150
In base 11, what is 415a + -703?
3557
In base 8, what is -230514672 - 5?
-230514677
In base 14, what is 91a9 + -125?
9084
In base 4, what is -101000302 - -21120?
-100313122
In base 14, what is 188366 - 2?
188364
In base 4, what is -1100 + 203133132323?
203133131223
In base 16, what is 4 - 1c70f?
-1c70b
In base 5, what is -22421 - 12200444?
-12223420
In base 7, what is 1 + -14503154?
-14503153
In base 16, what is 1b - 27f7e6?
-27f7cb
In base 7, what is -10 - 100655530?
-100655540
In base 16, what is -4e65dd - -3?
-4e65da
In base 12, what is 1a + -167423a?
-1674220
In base 5, what is 3143331124 - 4?
3143331120
In base 6, what is -1005015043 - 3?
-1005015050
In base 14, what is 436dd2 - 2?
436dd0
In base 7, what is 1 - 6455653?
-6455652
In base 15, what is 6 - 6a3b7c?
-6a3b76
In base 4, what is 1003 + 111120212?
111121221
In base 6, what is -1014145 - -110014?
-504131
In base 15, what is -39374 - 1c0?
-39544
In base 8, what is 17755150 - -7?
17755157
In base 9, what is 1244765764 - -1?
1244765765
In base 5, what is -104241 - -400000?
240204
In base 10, what is -168 + -1253596?
-1253764
In base 3, what is -1121 + -11210222221211?
-11211000000102
In base 12, what is 1ba + -15796b?
-157771
In base 15, what is -1323492 + 2d?
-1323464
In base 11, what is 5aa0 + 66151?
71141
In base 4, what is -2001311222232 - 12?
-2001311222310
In base 7, what is 231 - 2343530?
-2343266
In base 6, what is 34011144 - -14?
34011202
In base 12, what is -37b64 + 67?
-37ab9
In base 16, what is -4 + -8713f8?
-8713fc
In base 2, what is 1000000111110011010101111 + 101?
1000000111110011010110100
In base 14, what is 157 - -67d4d2?
67d649
In base 6, what is 2 - -450242250?
450242252
In base 15, what is -83 + -632d?
-63b1
In base 12, what is 4a2634a30 - 3?
4a2634a29
In base 6, what is -1005523 - 220245?
-1230212
In base 6, what is -10441025401 - -2?
-10441025355
In base 13, what is 7 - -14c0a78b?
14c0a795
In base 16, what is -dba2851 - 2?
-dba2853
In base 6, what is -5 - 121515444?
-121515453
In base 2, what is 110010101111010001 + 1001100?
110010110000011101
In base 9, what is -1734707 + -172?
-1734880
In base 15, what is -441 - 4969?
-4daa
In base 10, what is -19 + -1561116?
-1561135
In base 12, what is -b3b - 30a9b?
-31a1a
In base 8, what is 4 - -557213710?
557213714
In base 6, what is -33430045151 + 2?
-33430045145
In base 11, what is -48 + -1815599?
-1815636
In base 3, what is 1120121 - -1220122?
10111020
In base 8, what is -1 - -55574275?
55574274
In base 9, what is 16401 - -240?
16641
In base 16, what is -5019406 - 3?
-5019409
In base 3, what is -102 + 12001222202011121?
12001222202011012
In base 14, what is 1b8d + -12147?
-10398
In base 8, what is -1633736077 - 4?
-1633736103
In base 6, what is 2 + 41441424303?
41441424305
In base 10, what is 13 + -11204623?
-11204610
In base 13, what is 38 + -91aa46?
-91aa0b
In base 7, what is 13 + 162543565?
162543611
In base 4, what is -2033121 - 100312?
-2200033
In base 9, what is -214 + 317337?
317123
In base 8, what is 152270 - -163?
152453
In base 15, what is 8 + -1586482?
-1586479
In base 2, what is -1011001001001111010000000100 + 100?
-1011001001001111010000000000
In base 11, what is 282 + -409454?
-409182
In base 13, what is 2c2 + -930?
-63b
In base 14, what is 3 - -37d328?
37d32b
In base 13, what is 48687 - -66?
48720
In base 13, what is -12 + 498a9?
49897
In base 11, what is -a595 + 1aa6?
-859a
In base 8, what is 435 - -20504507?
20505144
In base 16, what is -66e3 + 134?
-65af
In base 4, what is 2333320330022 + -2?
2333320330020
In base 8, what is -10356011 - -672?
-10355117
In base 4, what is -13131300311 + 112?
-13131300133
In base 15, what is 2cab + -25ea?
6b1
In base 2, what is 100000100001 + -101010101001?
-1010001000
In base 3, what is -11210 + -221200220122?
-221201002102
In base 8, what is -75406252 + -3?
-75406255
In base 2, what is 111111 + 10101111100101101?
10101111101101100
In base 10, what is 5 + -153843495?
-153843490
In base 4, what is 233223120230 - 11?
233223120213
In base 8, what is -10610170 - 1?
-10610171
In base 2, what is -110111101 - 1000011100001?
-1001010011110
In base 5, what is 421302 + 112210?
1034012
In base 5, what is -32243413020 - -3?
-32243413012
In base 5, what is -221442 - -24142?
-142300
In base 14, what is 18a + -2dba0?
-2da14
In base 5, what is -213221301 + 10?
-213221241
In base 4, what is -1302 + 1023123202?
1023121300
In base 4, what is 2 - 11301031233031?
-11301031233023
In base 7, what is -244034 + 203?
-243531
In base 4, what is -3110223 - -3120?
-3101103
In base 11, what is 8a07 + -3a51?
4a66
In base 4, what is 1 - -100301013121?
100301013122
In base 16, what is -1 - -35cfc9?
35cfc8
In base 12, what is -62177 + -11a?
-62295
In base 9, what is -571088137 - 2?
-571088140
In base 8, what is -16 - 156343?
-156361
In base 7, what is -4 + 53062043?
53062036
In base 6, what is -3 + 1321402430?
1321402423
In base 5, what is 1 - -321424204212?
321424204213
In base 2, what is -111 + -100101010101000001?
-100101010101001000
In base 4, what is -11 + 132320232321?
132320232310
In base 2, what is 10 - -110110111100011010000010?
110110111100011010000100
In base 9, what is 572832 - 1110?
571722
In base 3, what is 11200202222002 - -12?
11200202222021
In base 11, what is 2688454 - 15?
268843a
In base 4, what is 1010 + -113012100000?
-113012032330
In base 15, what is 74d - 46d2?
-3e84
In base 12, what is -1 + -554000?
-554001
In base 5, what is -10122410 - 20?
-10122430
In base 6, what is 421 - -13521233?
13522054
In base 2, what is 101110001 + -10000100011010000?
-10000011101011111
In base 5, what is 40213 - 101220?
-11002
In base 14, what is 2058 - -27578?
295d2
In base 5, what is -4 - -300022101?
300022042
In base 5, what is -1111201300331 - 0?
-1111201300331
In base 13, what is -196a2 - -15?
-1968a
In base 3, what is -210000110 + 12120001?
-120110102
In base 8, what is -2 - 773031464?
-773031466
In base 7, what is -15436 + 3464130?
3445361
In base 9, what is -14873 - -6351?
-7522
In base 8, what is -1366 - -74715?
73327
In base 16, what is -3 - 13efbe?
-13efc1
In base 6, what is -2 + -444122421?
-444122423
In base 12, what is 1416 + 55674?
56a8a
In base 10, what is -6 - 593922?
-593928
In base 9, what is 311577681 - 5?
311577675
In base 16, what is 60 - -d847a?
d84da
In base 15, what is 3 + -77c91ed?
-77c91ea
In base 2, what is 1101 - 101100101000110111110?
-101100101000110110001
In base 3, what is -20110 - 2110022111012?
-2110022201122
In base 3, what is 221222021 + -11022?
221210222
In base 14, what is -109db + 115?
-108c6
In base 2, what is -1001100000 + -1011001010000010110?
-1011001011001110110
In base 13, what is 0 + -138cb749?
-138cb749
In base 14, what is -1087496a + 2?
-10874968
In base 14, what is 54 + -2ab812?
-2ab79c
In base 10, what is 92138211 + -5?
92138206
In base 4, what is -2020230030 + -202130?
-2021032220
In base 6, what is 22 + -421330443?
-421330421
In base 12, what is -86 - -24812a?
248064
In base 6, what is -41130 + 1040044?
554514
In base 13, what is b91c - -9bb9?
18808
In base 6, what is -21 - -532121054?
532121033
In base 15, what is a8d7 + -7?
a8d0
In base 7, what is 20351 + 11?
20362
In base 6, what is 1105153 - -13354?
1122551
In base 16, what is -4ea - -1fecb?
1f9e1
In base 11, what is -26 - -a4a49a?
a4a474
In base 5, what is -102 + 303032124?
303032022
In base 3, what is 200210 + 111000222110?
111001200020
In base 3, what is 12200000201 + 12200?
12200020101
In base 12, what is -14a